(-4))/o)/((-2)/800).
2, 5
Let z(l) = -6*l**2 + 24*l + 4. Let q be z(4). Suppose 0 = -y + w + 224, q*y - w - 222 = 683. List the prime factors of y.
227
Let u(b) = 9*b**3 - 75*b**2 - 54*b - 25. Let x(z) = 5*z**3 - 38*z**2 - 27*z - 13. Let y(h) = 4*u(h) - 7*x(h). What are the prime factors of y(35)?
271
Let r = 27745 + -14947. What are the prime factors of r?
2, 3, 79
Let u = -22 + -2. Suppose -10*b + 12*b = 0. What are the prime factors of u/(b + 4/(-10))?
2, 3, 5
Let k(z) = 29*z**2 + 5*z + 114. What are the prime factors of k(-13)?
2, 3, 5, 11
Let t = 25729 + 6204. List the prime factors of t.
11, 2903
Let h = 161199 + -97365. What are the prime factors of h?
2, 3, 10639
Suppose 5*g - 3*g - i - 3065 = 0, 4*i - 6124 = -4*g. Suppose -12*a = -g - 712. List the prime factors of a.
11, 17
Let q(b) = 229*b - 16. Let u be q(4). Suppose v = -4*v - 3*c + u, -167 = -v + 2*c. List the prime factors of v.
3, 59
Let x(o) = -17*o + 51. Let q(i) = -i - 46. Let s be q(-18). Let f be x(s). Let r = 797 - f. List the prime factors of r.
2, 3, 5
Suppose 0 = -0*f - 10*f + 70. Suppose 6*d + f*d - 52 = 0. Suppose -20 = 4*k, -j + d*k + 24 = -49. List the prime factors of j.
53
Suppose -m + 20589 = 5339. List the prime factors of m.
2, 5, 61
Suppose -453571 = -39*z + 1082765 - 217317. List the prime factors of z.
31, 1091
Suppose 0 = 4*t + d - 34, 0 = 5*t + d - 23 - 19. Suppose t*c = 3*c + 930. What are the prime factors of c?
2, 3, 31
Suppose 31*l + 7 = -272. Let j(m) = -2 - 7 - 4*m - 2. What are the prime factors of j(l)?
5
Suppose i + 5*f = 3099, 6*f = f - 15. Suppose 2 = -g, 0 = -5*p - 26*g + 23*g + i. List the prime factors of p.
2, 3, 13
List the prime factors of (-332346)/(-30) - ((-12)/(-80))/(-3)*-4.
2, 29, 191
Let l be ((-3)/(-6))/(4/32). Suppose -30 = -l*y + 14. Suppose y = -g + 45. What are the prime factors of g?
2, 17
Let a(w) = 13*w**2 + 14*w + 3. Let m = 492 + -484. List the prime factors of a(m).
947
Let v = 58913 + -201473. Let p be (-4)/34 + v/(-272). Suppose -1 = -q + 3, -2*t - 5*q + p = 0. What are the prime factors of t?
2, 3, 7
Let w = 42 - 32. Let g be (-3*4/10)/((-3)/w). Suppose -g*z + 9 + 275 = 0. What are the prime factors of z?
71
Let k(f) = f**3 - 5*f**2 - f. Let x be k(-8). List the prime factors of 3/9 - (-6 + x/12).
3, 5
Let c = -6172 + 4075. Let g = 3339 + c. What are the prime factors of g?
2, 3, 23
Suppose p - g = 0, 4*p = 5*p + 4*g - 20. Suppose -q = 5*l - 174, 0*l = 5*l - p*q - 154. List the prime factors of l.
2, 17
Suppose 2*j - 5*w - 5490 = 0, 3*j = 5*w - 8*w + 8277. Suppose -550*y + j = -545*y. What are the prime factors of y?
19, 29
What are the prime factors of ((-12)/5)/((-402)/680720)?
2, 127
Let c(n) = 7*n + 31. Let b(m) = -11*m - 47. Let f(j) = 5*b(j) + 8*c(j). Let q(g) = 2*g + 39. Let t(s) = -11*f(s) + 4*q(s). List the prime factors of t(-10).
43
Let d = 91 + -199. What are the prime factors of 2/12 + (-9)/(d/2110)?
2, 11
Let n = 0 - 16. Let h(r) = 3*r + 6. Let m be h(5). Let c = m - n. What are the prime factors of c?
37
Let i = 167 - -164. Suppose -f + y = -415, f + 3*y - 100 - i = 0. Let h = f - 216. What are the prime factors of h?
7, 29
Let r(k) = 1774*k - 77. What are the prime factors of r(1)?
1697
Suppose -d = -3*d - 2*u + 316, 0 = -u - 2. Suppose -3*k - 88 = j - 247, -4*k + 2*j = -212. Let z = d - k. List the prime factors of z.
107
Let x = 9 + -25. Let m = x - -68. Suppose -336 = -4*r - m. What are the prime factors of r?
71
Let j be (-160)/(-10) - (0 - -3). Suppose 9961 = j*o + 2239. What are the prime factors of o?
2, 3, 11
Suppose 0 = 370*a - 378*a + 17832. Let f = a - 1424. What are the prime factors of f?
5, 7, 23
Suppose 35*c = 27680 + 131850. Suppose 4*r - d - c = 0, -3*d = -0*d - 6. List the prime factors of r.
2, 3, 5, 19
Suppose -7*n - 5 = -2*n. Let f = -4173 - -4179. List the prime factors of 380/24 - n/f.
2
Let b(f) = -f**3 + 12*f**2 + 13*f + 4. Let v be b(13). Let l be (0 + (-6)/v)/((-3)/72). What are the prime factors of 2*(-3)/l + (-1454)/(-12)?
11
Let r(o) = -3. Let u(a) = -29*a - 5. Let l(j) = -3*r(j) - u(j). What are the prime factors of l(20)?
2, 3, 11
Suppose -911*p = -929*p + 61254. What are the prime factors of p?
41, 83
Suppose -2820 = 12*c - 7896. Suppose -415*d = -c*d + 7904. List the prime factors of d.
2, 13, 19
Let h = 32410 - 3662. List the prime factors of h.
2, 7187
Let p be -332*(3 + (-25)/10). Let s be (-1)/((-4 + 9)/(-1735)). Let l = s + p. What are the prime factors of l?
181
Suppose -672186 - 1238761 = -139*q + 3253876. List the prime factors of q.
73, 509
Let y(o) = -2*o - 42. Suppose -11*m + 8*m - 51 = 0. Let c be y(m). What are the prime factors of ((-2)/(-8) - 454/c) + 3?
2, 3, 5
List the prime factors of ((-93)/(-12) + 2)*5156*(-9)/(-27).
13, 1289
Let d = 172 + -172. Suppose d = 18*c - 7*c - 5665. List the prime factors of c.
5, 103
Let o(p) = 7*p**2 + 16*p + 67. Let v be o(-9). Suppose 493*z = v*z + 576. List the prime factors of z.
2, 3
Let q = -3309 - -8060. List the prime factors of q.
4751
Suppose -b + 129995 = 4*f, -78 = -4*b - 82. List the prime factors of f.
3, 23, 157
Suppose -66*w - 560660 = -4856864. List the prime factors of w.
2, 3, 19, 571
Let x(v) = 232*v - 57. Let i(m) = -m**3 + 2*m**2 + 13. Let p be i(3). What are the prime factors of x(p)?
13, 67
Suppose 21*l = 3*l - 432. List the prime factors of 660 + (-2 - l/6).
2, 331
Suppose -744*v + 737*v = 1031436. What are the prime factors of (-3)/15 + v/(-90)?
1637
Let s be -459*2/4*30/9. Let x = 1350 + s. List the prime factors of x.
3, 5, 13
Let t(f) be the first derivative of 34*f**3/3 - 35*f**2/2 + 10*f - 208. List the prime factors of t(4).
2, 3, 23
Let a = 41 + -30. Suppose 2*d + 18 = -20. Let s = a - d. What are the prime factors of s?
2, 3, 5
Let f(w) be the third derivative of -w**5/30 - 5*w**4/24 - 8*w**3/3 + 32*w**2. Let k be f(-15). Let t = -223 - k. List the prime factors of t.
2, 3, 7
List the prime factors of (4 - -2) + 15 + 5822.
5843
Let r(l) be the first derivative of -9 - 2*l + 118/3*l**3 + 1/2*l**2. What are the prime factors of r(1)?
3, 13
Let t be -800*8/((-112)/7). List the prime factors of t/(-6)*(-273)/52.
2, 5, 7
Suppose -13*h + 129960 + 58713 = -84912. List the prime factors of h.
3, 5, 23, 61
Let i be ((-199)/4)/(-14 + 2453/176). Let n = i - 470. List the prime factors of n.
2, 163
Let f(h) = 2*h - 9. Let o be f(6). Suppose o*p + 10 = 1. List the prime factors of (11*-17)/(5 + p - 3).
11, 17
Let m(l) = l**3 - 2*l**2 - 10*l - 368. Let g be m(0). Let f = g - -851. List the prime factors of f.
3, 7, 23
Suppose -28*o - 26183 + 65065 + 154038 = 0. List the prime factors of o.
2, 5, 13, 53
Suppose -14*k + 30*k - 224 = 0. List the prime factors of 270 + k - (-7 - -1).
2, 5, 29
Let k(j) = 330*j + 13643. What are the prime factors of k(0)?
7, 1949
What are the prime factors of (426 - 132)*(-2)/((-8)/634)?
3, 7, 317
Let c(x) = -2*x**3 + 13*x**2 - 6*x + 1. Let u be c(6). Let b be 164/8*((3 - u) + 18). Suppose -26*d = -21*d - b. What are the prime factors of d?
2, 41
Let u = -72 - -74. Suppose 0 = -5*d - u*s - 8, 2*s + 12 = 4. Suppose -x + d*x + 127 = 0. What are the prime factors of x?
127
Suppose -12*t - 3*w + 224 = -124, 0 = -5*t - 5*w + 130. Suppose -5*d - 7 + 22 = 0. List the prime factors of (t - (-4 - (-6 + 3)))*d.
3, 31
Let p(f) = -134*f + 154. Let w(a) = -45*a + 51. Let g(t) = -3*p(t) + 8*w(t). What are the prime factors of g(12)?
2, 3, 5
Suppose 15 = 2*w + 3*w. Suppose 0*l = 92*l - 644. Suppose w*h = l*h - 116. What are the prime factors of h?
29
Let q(v) = 98*v + 4. Let t be q(9). Suppose -b - 4*j + 886 = 0, -2*j = -5*b + 4*b + t. List the prime factors of b.
2, 443
Let t be 5*2*((-1)/(-2))/1. Suppose -t*n = -m + 26, 5*m - 5 = 2*n + 56. Suppose -m*b + 8*b + 750 = 0. What are the prime factors of b?
2, 5
What are the prime factors of (-1 + -181631)/(-3) + (133 - 138) - 5?
2, 3, 19, 59
Suppose 23949 = 3*a - 5*t, -7*t - 18 = -4*t. What are the prime factors of a?
7, 17, 67
Let k = 137 - 131. Suppose 0 = 12*z - k*z - 102. List the prime factors of z.
17
Let j = 42 - 21. Let n = 26 - j. Suppose -4*l + 3*t + 202 = t, -t - n = 0. What are the prime factors of l?
2, 3
Let h = 56 - 18. Let c = -48 + h. Let z(q) = q**3 + 11*q**2 + 10*q + 11. What are the prime factors of z(c)?
11
What are